y**3 - 5*y**2 + 4*y - 2. Suppose -5*d + 2*u = -19, 3*d + 0*d - 3 = -3*u. Let j be n(d). List the prime factors of j/(-12)*153/6.
17
What are the prime factors of 3*-8*9*(-2)/4?
2, 3
Let l = 1 - 1. Suppose -3*g - 3*k - k = -5, 4*g + 2*k - 10 = l. Suppose g*v - 33 = h, 0 = 3*v - h + 2*h - 39. List the prime factors of v.
2, 3
Let c(p) = -p**3 + 6*p**2 - 7*p + 4. Let h be c(4). Suppose h + 5 = i. List the prime factors of i.
13
Let k be 5/4*(5 - -7). Suppose 5*c - v = 29, 2*c - 30 = 4*v - 4. Suppose 0*d + 5*p - k = -d, -55 = -5*d - c*p. List the prime factors of d.
2, 5
Let r = 15 - 47. List the prime factors of 4/(-12) - r/6.
5
Let a = 103 + -74. What are the prime factors of a?
29
Suppose 4*j = 3*c - 125 - 106, 0 = -4*c + 2*j + 298. What are the prime factors of c?
73
Let f = -4 - -10. Suppose 0 = -3*o + f*o - 63. List the prime factors of o.
3, 7
Let f(t) = t**3 + 4*t**2 - 2*t + 4. Let s be f(-3). Suppose -s = 4*q - 87. What are the prime factors of q?
17
Suppose 0 = 3*w - 2*w - 3. What are the prime factors of (w - 1)/(2/11)?
11
Suppose -5*i + 25 = -0*i. Let g = -4 - -6. Suppose -t - g = -i. List the prime factors of t.
3
Let w = 0 + -3. Let g = w - -5. Suppose -3*h - 3*p + 31 = g*p, -3*h - 3*p + 33 = 0. What are the prime factors of h?
2, 3
Suppose -15 = -2*n + 69. List the prime factors of n.
2, 3, 7
Suppose -5*k - 27 - 3 = 0. Let g(f) = -2*f - 2. List the prime factors of g(k).
2, 5
Let f(w) = 6*w - 6. Let m be f(5). Suppose -5*j - 3*d + 4 = 0, 3*j - m = 5*d - 8. Let v(k) = 2*k**2. What are the prime factors of v(j)?
2
Let v(w) = -w**2 - 6*w + 1. Suppose -2*d + 36 = -5*r - 4*d, r + 21 = -5*d. Let j be v(r). What are the prime factors of 1/(-2)*-14 - j?
2, 3
Suppose -w - w = -16. Let s = 0 + w. List the prime factors of s.
2
Suppose -7*w - 120 = -9*w. List the prime factors of w.
2, 3, 5
Let y(b) = -b**2 - 12*b - 15. Let i be y(-10). Suppose -5 = -i*v + 10. List the prime factors of 3*v + (7 - 6).
2, 5
Suppose 0 = -0*i + i - 19. Let t = 0 + i. What are the prime factors of t?
19
Suppose -3*f = -9, -2*f + f + 3 = 3*y. Suppose y*o - 6 = -3*r + o, 0 = r + 2*o - 2. Suppose 0 = j, 0 = 2*p + r*p + 5*j - 32. What are the prime factors of p?
2
Suppose 65 - 401 = -4*x. Suppose -x = f - 5*f. List the prime factors of f.
3, 7
Let t(q) = q**2 + q - 1. Let s be t(1). Let r = s + 10. What are the prime factors of r?
11
Let j(k) = k**2 - 4*k + 3. Let s be j(3). Suppose 4*l - 52 = 4*o, -5*l - 5*o = -s*l - 25. List the prime factors of l.
3
Let b = 11 - 7. Suppose 0 = -2*d - 0*d + 58. Suppose b*q - 3 = d. List the prime factors of q.
2
Let k be (0 - (2 + 0)) + 7. Suppose v = k + 3. What are the prime factors of (28/(-16))/((-2)/v)?
7
List the prime factors of (-2)/(-3 - (-28)/10).
2, 5
Suppose 115 = 7*f - 6*f. What are the prime factors of f?
5, 23
What are the prime factors of 1000/(-15)*1/((-2)/6)?
2, 5
Let t(c) be the third derivative of 2*c**2 + 0*c - 1/120*c**6 + 1/15*c**5 + 7/24*c**4 + 0 - 7/6*c**3. List the prime factors of t(5).
3
Let y(g) = g**2 + 3*g - 1. What are the prime factors of y(6)?
53
Let b(q) = q. Let t be b(2). Let p = 8 - t. List the prime factors of p.
2, 3
Let d(i) = i**2 - i - 2. Let b be d(0). Let y be 1 + 4*(-1)/b. Suppose -y*u = -0*u - 6. What are the prime factors of u?
2
Let j = 49 + -27. List the prime factors of j.
2, 11
Let r(g) = -g + 8. Let j be r(6). Suppose -h + j + 1 = 0, -2*h = a - 9. What are the prime factors of a?
3
Let i = 52 + -36. What are the prime factors of i?
2
Let w(o) = o**2 + 8*o + 7. Let s be w(-5). Let d(t) = t**2 + 8*t + 4. Let a be d(s). Let k = 2 + a. What are the prime factors of k?
2, 3
Let u(r) = -8*r - 12. List the prime factors of u(-13).
2, 23
Suppose -5*a = -0*a - 40. What are the prime factors of 1*2 - (-80)/a?
2, 3
Let a = -52 - -116. Suppose g + a = 3*g. List the prime factors of g.
2
Let t(z) = z**2 + 8*z - 5. List the prime factors of t(-12).
43
What are the prime factors of ((-12)/8)/(12/(-328))?
41
Let z(l) = l**2 + 14*l - 4. Let p be z(-5). Let h = -23 - p. What are the prime factors of h?
2, 13
Let m = 34 - -98. What are the prime factors of m?
2, 3, 11
Suppose -5*v + 13 = -12. Suppose -3*d - 3*a = 3, -v*d = 3*a + 1 - 2. Suppose -i = 4 - 6, i = d*m - 30. List the prime factors of m.
2
Suppose l - 1 - 5 = 0. Let i be (-10)/8*-1*8. Let x = i - l. What are the prime factors of x?
2
Let z = 23 - 20. What are the prime factors of z?
3
Let v(h) = -4*h**2 + 4*h**2 + 5*h**2 - h - 4*h**2. Let q be v(1). What are the prime factors of 5 - (q - 2/(-1))?
3
Let o = 121 - -18. List the prime factors of o.
139
Let z(a) = a**2 - a + 2. Let v be z(0). List the prime factors of (-1)/v*384/(-8).
2, 3
Suppose 4*j = -3*z - 6, -z = -6*z - 2*j - 24. Let y = z - -4. List the prime factors of (-46)/(-4) - (-1)/y.
11
Let p be (-5)/15*9*-1. Let f(g) = -3*g + 2. Let n be f(p). Let l = 29 + n. What are the prime factors of l?
2, 11
Let a(p) = -p - 3*p + 3*p. Suppose 3*w + 3*f - 2 + 5 = 0, 2*w + 3 = -f. What are the prime factors of a(w)?
2
Let r = 7 - 1. Suppose r = -o + 4*o. What are the prime factors of o?
2
Let n(t) = -t**2 + 8*t + 11. Let w be n(8). Let z = w + -7. Suppose 4*x = z*m - 28, -2*x = 2*x - 16. List the prime factors of m.
11
Suppose 0 = 6*s - 0*s - 30. Suppose s*g + 3*m - 2 - 148 = 0, 3*m - 15 = 0. List the prime factors of g.
3
Let y(h) = -h**3 + 5*h + 2. Let o be y(-3). Suppose 0 = 2*q - 2*k - o, 5*q + 2*k - 8 - 13 = 0. List the prime factors of (-75)/10*(-6)/q.
3
Suppose 5*o = -2*j + 779, 198 + 214 = j - 2*o. What are the prime factors of j?
2, 3, 67
Let z(j) = -j**3 + 4*j**2 + 5. Let g be z(4). Suppose g*v = 3*v. Suppose q = h + 9, 0 = -2*q - v*q + 4*h + 24. List the prime factors of q.
2, 3
Let k = -16 - 8. Let h = 90 - 54. Let l = h + k. List the prime factors of l.
2, 3
List the prime factors of (-4)/(-7) - (-12690)/63.
2, 101
Let v(m) = m**2 - 3*m - 8. Let a be v(6). Let f be 0 + 7 + 1*-2. Suppose 0 = f*b - a - 5. What are the prime factors of b?
3
Let b(u) = 4*u**2 - 4*u - 3. Suppose 2*r = -o + 4, 3*o + 6 = -r + 3. List the prime factors of b(o).
3, 7
Let w be -15*(-1 + 6/9). Suppose -w*i = 4*u - 16, -2*u - 21 = -5*i + 1. What are the prime factors of (u - 3*-2) + 1?
2, 3
Let o be 0/((2/(-1))/2). Suppose r - 4 = -o*r. List the prime factors of r.
2
Suppose 5*w + 15 = 5*i, 3*i + 2*w = 4*w + 6. Let j = i - -6. Suppose v = 2*m - 9, -2*v + j = -2*m + 2*v. List the prime factors of m.
7
Let q(c) = 6*c + 3. Let h(b) = 9*b + 4. Let u(k) = 5*h(k) - 7*q(k). List the prime factors of u(4).
11
Let m be 28/20 + (-2)/5. List the prime factors of (18/(-63))/(m/(-14)).
2
Let z = 133 + -22. Let t = z - 57. What are the prime factors of t?
2, 3
List the prime factors of (-1 - 496/12)*-3.
127
Let d = 294 - 143. List the prime factors of d.
151
Suppose 0 = -w, 0 = -5*o + 2*w + 2*w + 90. List the prime factors of o.
2, 3
Suppose 2*q = 4*g + 30 + 14, g = 2*q - 56. List the prime factors of q.
2, 3, 5
What are the prime factors of 320/(-24)*-6*(-2)/(-10)?
2
Let y(n) = 5*n + 1. Let l be y(12). Let h = l - 43. What are the prime factors of h?
2, 3
Let p = -10 + 9. Let i = 6 + p. Suppose i*q = 2*q + 24. List the prime factors of q.
2
Let r = 17 - 27. Suppose -54 = -3*g - 3*f, 30 = 3*g - g - f. Let m = r + g. List the prime factors of m.
2, 3
Suppose 4*o = -o. Suppose o + 6 = 3*n. List the prime factors of n.
2
List the prime factors of (-14 + (-2 - 1))*-1.
17
Let t(k) = k**3 + 12*k**2 + 3*k - 1. What are the prime factors of t(-4)?
5, 23
Let f = 27 + -3. What are the prime factors of f?
2, 3
Let s be 132/(-16) - 2/(-8). Let z(u) be the third derivative of u**5/60 + u**4/3 + 5*u**3/6 + u**2. What are the prime factors of z(s)?
5
Suppose 211 = 4*d + g, -g = -2 - 1. What are the prime factors of d?
2, 13
Let u be (4/2)/((-6)/(-15)). Let f(t) = -t**2 + 4*t + 7. List the prime factors of f(u).
2
Let i be (-12)/9 - 8/(-6). Suppose i = 6*v - 5*v - 4. List the prime factors of v.
2
Let d = -12 - 2. Let g = d - -21. List the prime factors of g.
7
List the prime factors of ((-2)/(-16)*-2)/((-2)/536).
67
Let o be (-4)/3 + (-4)/6. Let s(m) = -2*m + 2. Let u be s(o). Suppose 5*y = -2*t + 15, y + u = 3*y - 3*t. List the prime factors of y.
3
Suppose 5*z = 0, 29 + 7 = 3*a - z. List the prime factors of a.
2, 3
Let k = 24 - -